691
What are the prime factors of 1522668?
2, 3, 7, 18127
What are the prime factors of 41393?
11, 53, 71
What are the prime factors of 1198649?
503, 2383
What are the prime factors of 3158074?
2, 1579037
What are the prime factors of 23052264?
2, 3, 151, 6361
What are the prime factors of 315508?
2, 78877
What are the prime factors of 127666?
2, 7, 11, 829
What are the prime factors of 33781784?
2, 4222723
List the prime factors of 1689703.
1689703
What are the prime factors of 3128978?
2, 47, 33287
List the prime factors of 418399.
19, 61
What are the prime factors of 299516?
2, 7, 19, 563
List the prime factors of 7313657.
13, 562589
What are the prime factors of 4484765?
5, 896953
List the prime factors of 1485536.
2, 13, 3571
What are the prime factors of 1520718?
2, 3, 17, 877
What are the prime factors of 2758584?
2, 3, 114941
List the prime factors of 287600.
2, 5, 719
List the prime factors of 48880.
2, 5, 13, 47
List the prime factors of 7721380.
2, 5, 61, 6329
What are the prime factors of 13055999?
11, 41, 28949
List the prime factors of 118679.
11, 10789
What are the prime factors of 793407?
3, 17, 47, 331
List the prime factors of 231175.
5, 7, 1321
What are the prime factors of 13325566?
2, 73, 107, 853
List the prime factors of 8158430.
2, 5, 7, 116549
List the prime factors of 6325373.
157, 40289
What are the prime factors of 123215?
5, 19, 1297
List the prime factors of 160803.
3, 17, 1051
What are the prime factors of 2502600?
2, 3, 5, 43, 97
What are the prime factors of 399880?
2, 5, 13, 769
List the prime factors of 612128.
2, 11, 37, 47
List the prime factors of 609884.
2, 11, 83, 167
What are the prime factors of 7563411?
3, 31, 27109
List the prime factors of 187815.
3, 5, 19, 659
List the prime factors of 116835.
3, 5, 7789
List the prime factors of 17251478.
2, 449, 19211
What are the prime factors of 7579267?
47, 131, 1231
List the prime factors of 4656017.
223, 20879
List the prime factors of 376432.
2, 7, 3361
What are the prime factors of 243855?
3, 5, 5419
What are the prime factors of 8067736?
2, 1008467
What are the prime factors of 1010528?
2, 23, 1373
List the prime factors of 14551203.
3, 23, 53, 173
List the prime factors of 3238018.
2, 7, 19, 37, 47
What are the prime factors of 4436990?
2, 5, 281, 1579
What are the prime factors of 5517096?
2, 3, 13, 17683
What are the prime factors of 7824581?
43, 181967
List the prime factors of 284519.
29, 9811
List the prime factors of 669513.
3, 13, 17167
List the prime factors of 7174089.
3, 13, 757
What are the prime factors of 27819816?
2, 3, 29, 39971
What are the prime factors of 5492689?
1433, 3833
List the prime factors of 1779447.
3, 593149
List the prime factors of 1141090.
2, 5, 53, 2153
What are the prime factors of 98476?
2, 7, 3517
List the prime factors of 20672276.
2, 101, 51169
What are the prime factors of 36848?
2, 7, 47
What are the prime factors of 531784?
2, 11, 6043
What are the prime factors of 168347?
168347
What are the prime factors of 18345?
3, 5, 1223
What are the prime factors of 1641426?
2, 3, 317, 863
What are the prime factors of 21564557?
7, 440093
List the prime factors of 6530546.
2, 11, 296843
What are the prime factors of 5321930?
2, 5, 532193
What are the prime factors of 144228?
2, 3, 7, 17, 101
List the prime factors of 24802586.
2, 12401293
List the prime factors of 63937.
17, 3761
List the prime factors of 2758877.
11, 250807
List the prime factors of 12022762.
2, 29, 97, 2137
List the prime factors of 200157.
3, 137, 487
List the prime factors of 2922253.
239, 12227
List the prime factors of 2247730.
2, 5, 53, 4241
List the prime factors of 533716.
2, 29, 43, 107
What are the prime factors of 300032?
2, 293
List the prime factors of 21541663.
11, 13, 97, 1553
What are the prime factors of 3234924?
2, 3, 7, 11, 389
What are the prime factors of 249878?
2, 103, 1213
What are the prime factors of 8958962?
2, 4479481
List the prime factors of 383773.
13, 53, 557
What are the prime factors of 22181006?
2, 11090503
What are the prime factors of 1770886?
2, 13, 68111
List the prime factors of 158645.
5, 31729
What are the prime factors of 219323?
13, 16871
List the prime factors of 14344492.
2, 3586123
List the prime factors of 310891.
7, 23, 1931
List the prime factors of 152265.
3, 5, 10151
List the prime factors of 765718.
2, 97, 3947
What are the prime factors of 215277?
3, 73, 983
List the prime factors of 25854014.
2, 79, 163633
What are the prime factors of 501104?
2, 31319
List the prime factors of 5062779.
3, 157, 3583
List the prime factors of 4034106.
2, 3, 271, 827
What are the prime factors of 11911671?
3, 89, 4957
List the prime factors of 1602111.
3, 7, 23, 31, 107
List the prime factors of 369065.
5, 223, 331
List the prime factors of 11014706.
2, 5507353
What are the prime factors of 116476?
2, 37, 787
What are the prime factors of 251541?
3, 19, 1471
What are the prime factors of 3337568?
2, 13, 71, 113
List the prime factors of 212748.
2, 3, 17729
List the prime factors of 6756096.
2, 3, 19, 463
What are the prime factors of 4778908?
2, 1194727
List the prime factors of 237705.
3, 5, 13, 23, 53
List the prime factors of 223026.
2, 3, 37171
What are the prime factors of 310033?
389, 797
What are the prime factors of 8758263?
3, 1621, 1801
List the prime factors of 2581105.
5, 163, 3167
List the prime factors of 13798106.
2, 7, 140797
What are the prime factors of 913728?
2, 3, 4759
List the prime factors of 3160457.
43, 67, 1097
What are the prime factors of 105162?
2, 3, 17, 1031
What are the prime factors of 30692294?
2, 31, 495037
List the prime factors of 62849.
17, 3697
What are the prime factors of 52762?
2, 23, 31, 37
List the prime factors of 1750303.
17, 149, 691
What are the prime factors of 27244819?
7, 47, 82811
What are the prime factors of 13410078?
2, 3, 11, 203183
List the prime factors of 8336852.
2, 83, 25111
What are the prime factors of 240134?
2, 120067
List the prime factors of 8367464.
2, 7, 149419
List the prime factors of 7778497.
1487, 5231
What are the prime factors of 12929577?
3, 991, 4349
What are the prime factors of 2758897?
2758897
List the prime factors of 1186647.
3, 7, 11, 467
List the prime factors of 2448892.
2, 612223
List the prime factors of 5260679.
5260679
List the prime factors of 25828934.
2, 41, 241, 1307
What are the prime factors of 321152?
2, 13, 193
What are the prime factors of 8404195?
5, 1680839
List the prime factors of 957655.
5, 191531
What are the prime factors of 2725968?
2, 3, 7, 19, 61
List the prime factors of 2275038.
2, 3, 97, 1303
List the prime factors of 3679437.
3, 1226479
List the prime factors of 1083973.
11, 98543
List the prime factors of 255795.
3, 5, 17053
List the prime factors of 545100.
2, 3, 5, 23, 79
List the prime factors of 169110.
2, 3, 5, 1879
What are the prime factors of 224291?
224291
What are the prime factors of 507411?
3, 18793
List the prime factors of 2665783.
31, 113, 761
List the prime factors of 991003.
13, 76231
List the prime factors of 572504.
2, 71563
List the prime factors of 455954.
2, 227977
List the prime factors of 4237878.
2, 3, 706313
List the prime factors of 3134565.
3, 5, 7, 31, 107
What are the prime factors of 16488046?
2, 71, 116113
List the prime factors of 126977.
19, 41, 163
What are the prime factors of 94148?
2, 23537
What are the prime factors of 779413?
779413
List the prime factors of 296058.
2, 3, 7, 19, 53
What are the prime factors of 2354756?
2, 137, 4297
List the prime factors of 8409999.
3, 13, 223, 967
List the prime factors of 28603370.
2, 5, 2860337
What are the prime factors of 18260376?
2, 3, 79, 9631
What are the prime factors of 232037?
13, 1373
List the prime factors of 151803.
3, 101, 167
List the prime factors of 361842.
2, 3, 13, 4639
What are the prime factors of 185262?
2, 3, 7, 11, 401
List the prime factors of 1043135.
5, 208627
List the prime factors of 369722.
2, 401, 461
What are the prime factors of 29276706?
2, 3, 41, 61, 1951
List the prime factors of 227770.
2, 5, 22777
List the prime factors of 572423.
572423
What are the prime factors of 300847?
37, 47, 173
What are the prime factors of 243239?
243239
What are the prime factors of 1195879?
19, 113, 557
What are t